{"id":12,"date":"2020-11-10T06:43:31","date_gmt":"2020-11-10T06:43:31","guid":{"rendered":"https:\/\/20summit.no\/?page_id=12"},"modified":"2021-06-29T12:48:11","modified_gmt":"2021-06-29T12:48:11","slug":"om-oss","status":"publish","type":"page","link":"https:\/\/20summit.no\/?page_id=12","title":{"rendered":"Om oss"},"content":{"rendered":"\n<p>20summit er ei gruppe som tilh\u00f8rer And\u00f8rja Sportsklubb. Bakgrunnen er ideen om \u00e5 bygge sherpatrapp til toppen av Vasskartinden p\u00e5 And\u00f8rja.<\/p>\n\n\n\n<p>I det arbeidet ser vi behovet for \u00e5 fortelle om alle de flott alpine fjellene vi har &#8211; 20 definerte topper over 1000 . P\u00e5 sikt beskrive turopplevelser og turm\u00e5l. <\/p>\n\n\n\n<p>I f\u00f8rste omgang begynnet med toppturene.<\/p>\n","protected":false},"excerpt":{"rendered":"<p>20summit er ei gruppe som tilh\u00f8rer And\u00f8rja Sportsklubb. Bakgrunnen er ideen om \u00e5 bygge sherpatrapp til toppen av Vasskartinden p\u00e5 And\u00f8rja. I det arbeidet ser vi behovet for \u00e5 fortelle om alle de flott alpine fjellene vi har &#8211; 20 definerte topper over 1000 . P\u00e5 sikt beskrive turopplevelser og turm\u00e5l. I f\u00f8rste omgang begynnet&#8230;<\/p>\n","protected":false},"author":1,"featured_media":0,"parent":0,"menu_order":0,"comment_status":"closed","ping_status":"closed","template":"","meta":{"footnotes":""},"class_list":["post-12","page","type-page","status-publish","hentry"],"_links":{"self":[{"href":"https:\/\/20summit.no\/index.php?rest_route=\/wp\/v2\/pages\/12","targetHints":{"allow":["GET"]}}],"collection":[{"href":"https:\/\/20summit.no\/index.php?rest_route=\/wp\/v2\/pages"}],"about":[{"href":"https:\/\/20summit.no\/index.php?rest_route=\/wp\/v2\/types\/page"}],"author":[{"embeddable":true,"href":"https:\/\/20summit.no\/index.php?rest_route=\/wp\/v2\/users\/1"}],"replies":[{"embeddable":true,"href":"https:\/\/20summit.no\/index.php?rest_route=%2Fwp%2Fv2%2Fcomments&post=12"}],"version-history":[{"count":2,"href":"https:\/\/20summit.no\/index.php?rest_route=\/wp\/v2\/pages\/12\/revisions"}],"predecessor-version":[{"id":345,"href":"https:\/\/20summit.no\/index.php?rest_route=\/wp\/v2\/pages\/12\/revisions\/345"}],"wp:attachment":[{"href":"https:\/\/20summit.no\/index.php?rest_route=%2Fwp%2Fv2%2Fmedia&parent=12"}],"curies":[{"name":"wp","href":"https:\/\/api.w.org\/{rel}","templated":true}]}}